pose -2*k - k + 5*n = -8, -2*k = 5*n - 22. What is the highest common factor of 9 and k?
3
Let w = -60 + 36. Let q = -10 - w. Calculate the highest common factor of 21 and q.
7
Let g(x) = x + 4. Let p be g(4). What is the highest common factor of 32 and p?
8
Let q be (10/4 + -2)*10. Suppose 2*r - q*r = 36. Let b be (20/r)/(1/(-15)). Calculate the greatest common factor of 10 and b.
5
Let t be (12/(-8))/(3/8). Let q = 0 - -2. Let r be 1*q*(t + 14). What is the greatest common factor of r and 5?
5
Let j(t) = -36*t - 4. Let o be j(-4). Suppose 2*y + 3*n - 44 = -7, 2*y - 41 = n. Calculate the greatest common factor of y and o.
20
Let p be (3/4)/((-1)/(-32)). Let k = -351 - -575. Suppose 3*r + 44 = k. Calculate the greatest common factor of r and p.
12
Let d = 418 + -208. Suppose -d = 5*v - 1110. Calculate the greatest common divisor of 20 and v.
20
Let t be ((-20)/(-3))/(2/3). Let p = -4 + t. Calculate the highest common factor of 48 and p.
6
Let d be (11 + 1)*4/12*2. What is the highest common factor of d and 16?
8
Suppose -438 = i - 3*i. Suppose 3*v = -l + 163, -l = 4*v + 2*l - i. What is the greatest common factor of 18 and v?
18
Let d = -24 - -9. Let z be ((-10)/6)/(5/d). Calculate the greatest common factor of z and 2.
1
Let u(k) = k**3 + k**2 + 2. Let j be u(0). Suppose -2*b + 148 = -2*r, -4*b + 140 = -j*b + 2*r. What is the greatest common factor of b and 8?
8
Suppose 0 = t - 5*t + 32. Let f = t - 4. What is the highest common factor of 20 and f?
4
Let i be ((-14)/6 + 1)*-3. Suppose 280 = w + i*w. Let a(o) = -2*o**2 - 82*o + 98. Let q be a(-42). What is the greatest common factor of w and q?
14
Suppose -2*s - 4*y - 36 = -4*s, -y + 61 = 3*s. Suppose -s = -3*i - 2*i. Suppose -6*p = -i*p - 2. Calculate the highest common factor of p and 7.
1
Suppose 6*x + 3*f = 3*x + 27, -3*f - 1 = x. Let o(c) = -c**3 + 13*c**2 + 16*c - 19. Let v be o(x). What is the greatest common divisor of 9 and v?
9
Suppose 0 = 3*y - 2*y - 28. What is the greatest common divisor of y and 42?
14
Let y = 17 + -10. Suppose -q - y = -22. Suppose 8*x - 5*x = 30. What is the greatest common divisor of x and q?
5
Suppose -3*k = -5*c - 155, k - c - c = 50. Suppose -7*q + 6*q + k = 0. What is the highest common factor of q and 24?
12
Suppose -k = -4*d - 21, -11 = -5*k + d - 1. Let n = k + 1. Suppose -3*s = -5 - 4. Calculate the greatest common divisor of n and s.
1
Suppose -5*n + 99 = 2*r - 5*r, 80 = 4*n - 2*r. Calculate the highest common divisor of 147 and n.
21
Suppose 0*i + 2*i = -4*j + 20, i + 14 = 4*j. Suppose 0*a = -a + j. What is the highest common factor of a and 4?
4
Suppose 4*j + q + 2*q = 102, 4*q = -j + 19. Calculate the greatest common divisor of j and 27.
27
Let y = 629 + -426. Calculate the highest common divisor of 29 and y.
29
Let t be 6 - (2 + -3 - 1). Let q = t + -6. Suppose -4 = -q*x + 18. What is the highest common divisor of 33 and x?
11
Let p(w) = 2*w**3 - 6*w - 4. Let t be p(5). Suppose -t = -3*k - 5*y, 2*y - 225 = -4*k + k. What is the greatest common factor of k and 11?
11
Suppose 189 - 63 = 3*i. Suppose -r = 2*v - 6, -3*r + 18 = -0*v - v. What is the highest common divisor of i and r?
6
Let u = 31 + -33. Suppose 3*w + 5 = -4*h - 2, -5*h + 3*w = 29. Let y be 22/4*h*u. Calculate the greatest common factor of y and 11.
11
Let o = 57 - 54. Suppose 5*b - 116 = 274. Suppose 2*z - 4*f = b, 6*z - 3*f - 108 = 3*z. What is the greatest common factor of z and o?
3
Suppose -5*z - 24 = -n, n - 5*z - 126 = -3*n. Let b be (-3)/(-1) + 2/(-2). Let q = n - b. Calculate the highest common factor of 48 and q.
16
Let m = -8 - -41. Suppose 0 = -u - 3*t + 13, 3*t + 6 = t. What is the greatest common divisor of u and m?
11
Suppose -4*b - 490 = -4*o - b, -5*o = 3*b - 599. What is the highest common divisor of o and 11?
11
Let q be (-1 + -3)*77/(-44). Let c = 2 + q. Let w be 12/4*(c - 0). Calculate the highest common factor of w and 108.
27
Let q(f) = f**2 + 9*f - 1. Let d be q(-7). Let p = d - -26. Let m(w) = 12*w - 1. Let c be m(1). What is the greatest common divisor of c and p?
11
Let u be (45/(-12))/((-1)/16). Let n = 3 - -5. Suppose -3*y + n = -64. Calculate the greatest common factor of u and y.
12
Let k = 113 + -106. Calculate the greatest common divisor of 3 and k.
1
Suppose -5*n + 7 = -18. Suppose 4*w + 4*l - 88 = 0, -w - 2*l + n*l + 14 = 0. Let z = 37 - w. Calculate the highest common divisor of 17 and z.
17
Suppose 0*s + 4*a - 48 = -4*s, 0 = -4*s - 3*a + 44. Let w be s/(0 - 3/(-21)). Calculate the highest common factor of w and 14.
14
Let x(t) = 12*t**2 - 4*t - 3. Let g be x(-2). Calculate the greatest common factor of 477 and g.
53
Let b(j) = j**3 + j**2 + j + 16. Let t be b(0). Calculate the greatest common divisor of t and 48.
16
Let j(d) = d**3 - 16*d**2 + 18*d - 14. Let i be j(15). Calculate the highest common factor of 31 and i.
31
Let j(t) = t**2 + t - 2. Let y be j(2). Suppose 26 = 4*s - h - h, -h = y*s - 35. What is the greatest common divisor of s and 20?
4
Suppose -3*d + 2 = -4. Suppose 3*i - 256 = d*x, 0*i - 5*x = 3*i - 284. Calculate the highest common divisor of 22 and i.
22
Suppose -4*m + 6 = -66. Suppose 486 = 14*s - 5*s. Calculate the highest common factor of m and s.
18
Suppose -3*q = -0*q + 96. Let m be 6/9 + q/(-6). What is the highest common factor of 54 and m?
6
Let g be (0 + 1)*3 + 2. Suppose -3*s = -2*o + 10 + 79, 0 = -3*o + s + 123. What is the greatest common divisor of o and g?
5
Let i = 3 + -2. Let s(x) = -x + 1. Let r(t) = -55*t + 4. Let n(y) = i*r(y) - 3*s(y). Let v be n(-4). Calculate the highest common divisor of v and 19.
19
Let o = -34 - -48. Let w be 85/3 + (-2)/6. What is the highest common factor of o and w?
14
Let p(m) = 27*m**2 - 2*m - 2. Let a be p(2). Calculate the highest common factor of a and 68.
34
Let a = 15 + 6. Let x be 2/10 - (-44)/5. Let m = 23 - x. What is the highest common factor of a and m?
7
Let t be (-4)/(-1 + -1)*1. Suppose t*y + 29 = 3. Let p = 0 - y. What is the highest common factor of 65 and p?
13
Let j be ((-2)/(-6))/(1/6). Let y = j - -16. Calculate the greatest common divisor of 9 and y.
9
Let x(p) = -p**3 - 4*p**2 + 4*p + 8. Let a be x(-6). What is the highest common factor of a and 140?
28
Let z(o) = o**3 - 7*o**2 - o + 8. Let q be z(7). Let b(s) = s - 12. Let j be b(14). Let i be -2*q*(j - 16). Calculate the highest common divisor of i and 42.
14
Suppose 0 = 2*z + z - 33. Suppose -x + 10 + z = 0. Suppose 5*y + 4*u = 198, 0 = 5*y + 3*u - 166 - 35. Calculate the greatest common factor of x and y.
21
Let v(f) = -f - 10*f + 27*f + 29*f. Let w be v(1). Calculate the greatest common factor of w and 9.
9
Suppose 0 = -4*j + 3*j + 10. Let r be -4*(j/(-8) - -1). Suppose -o - 6 = -2*s, o = -2*s + 3*o + 2. Calculate the highest common factor of r and s.
1
Let g = 19 + 27. What is the greatest common factor of 138 and g?
46
Let c be 2/6 - (-10)/15. Suppose 2*u - c = 107. What is the greatest common divisor of 6 and u?
6
Suppose 2*q + v - 8 = 0, -5*q + 0*v + v + 6 = 0. Let l be q - (-327)/6*2. Suppose -3*k = -105 - l. Calculate the greatest common divisor of 9 and k.
9
Let d = -28 - -44. What is the highest common divisor of 2 and d?
2
Suppose -56 = 4*g - 2*u - 148, -g - 3*u + 30 = 0. Calculate the highest common factor of g and 3.
3
Suppose -6*v + 225 = -v. Let z = 25 + -7. What is the greatest common divisor of v and z?
9
Let f be 9/5 - 3/(-15). Suppose 2*a = f + 8. Calculate the highest common factor of a and 2.
1
Let x = 55 + -20. What is the highest common factor of 7 and x?
7
Let z = -71 - -85. Suppose 0*r + 4 = -2*r, 5*m - 4*r = 778. Calculate the greatest common factor of m and z.
14
Let l(o) = o**2 + 11*o - 14. Let s be l(-11). Let q = 19 + s. Calculate the highest common divisor of 2 and q.
1
Let c = 198 - 138. Calculate the greatest common factor of 15 and c.
15
Let o(f) = -f**2 + f + 340. Let h be o(0). Suppose 0 = 5*d - d - h. Let z(q) = 5*q + 4. Let m be z(6). What is the greatest common factor of d and m?
17
Suppose -2*n - 87 = n. Let h = -9 - n. Let z = 5 + 5. Calculate the highest common factor of h and z.
10
Suppose -5*u + 4*s + 86 = 0, 40 = 4*u - 2*s - 30. Let c = 36 - 22. Let q be 88/c + (-4)/14. What is the greatest common divisor of q and u?
6
Let t(f) = -2*f**2 + 6*f. Let w be t(6). Let 